1
Calculate the highest common divisor of 190197 and 32886.
63
What is the greatest common divisor of 702806 and 949?
13
Calculate the greatest common factor of 10829 and 15640408.
833
Calculate the greatest common factor of 129 and 683115544.
43
Calculate the highest common divisor of 10626 and 69962343.
759
Calculate the highest common factor of 69420 and 326805.
15
What is the highest common divisor of 1345176 and 1596?
84
What is the greatest common divisor of 822568 and 1615824?
1832
Calculate the greatest common divisor of 642 and 42237394.
214
What is the greatest common factor of 540 and 4062852?
108
What is the highest common factor of 45892854 and 62166?
4782
Calculate the greatest common divisor of 115728037 and 33805.
6761
Calculate the greatest common divisor of 52 and 170462708.
52
What is the greatest common factor of 38276150 and 132?
22
What is the highest common factor of 138 and 139268013?
69
What is the highest common factor of 4183 and 176376195?
4183
Calculate the highest common factor of 3782 and 4058696.
122
What is the greatest common divisor of 734331 and 10127?
247
What is the highest common factor of 2905150 and 557750?
4850
Calculate the greatest common factor of 1007319 and 2802.
1401
Calculate the greatest common divisor of 189124089 and 3682.
1841
Calculate the greatest common divisor of 2051 and 581047421.
293
What is the highest common divisor of 214918 and 3520?
22
Calculate the greatest common factor of 68895151 and 13.
13
What is the highest common divisor of 1610 and 4088434?
322
Calculate the highest common factor of 6580 and 233784110.
3290
Calculate the highest common factor of 296 and 2303528.
8
Calculate the greatest common divisor of 105 and 8647560.
15
What is the highest common divisor of 9222610 and 10?
10
Calculate the greatest common factor of 267 and 2135377.
89
Calculate the highest common factor of 5602841 and 11663.
107
What is the greatest common divisor of 1969926 and 104958?
714
What is the greatest common divisor of 25256865 and 2670?
1335
What is the highest common factor of 24477220 and 357460?
5860
What is the greatest common factor of 5831 and 166747?
49
What is the greatest common divisor of 1989614 and 33?
11
Calculate the greatest common factor of 3004 and 218844.
4
What is the greatest common factor of 7037 and 1063827?
31
What is the greatest common divisor of 117359 and 453546?
227
What is the greatest common divisor of 685 and 926531?
137
What is the highest common divisor of 966 and 551950?
14
Calculate the greatest common divisor of 71467647 and 966.
69
What is the greatest common divisor of 250290 and 1020730?
1030
Calculate the greatest common divisor of 25 and 27103.
1
What is the highest common divisor of 5912822 and 666?
74
Calculate the highest common divisor of 1074184443 and 18.
9
What is the greatest common divisor of 105764 and 89324?
548
What is the highest common divisor of 828932 and 8892?
988
Calculate the greatest common divisor of 4 and 2528982.
2
What is the highest common factor of 2076 and 5085487932?
2076
What is the highest common factor of 5274 and 6143038?
586
What is the greatest common divisor of 3132 and 1199988?
108
Calculate the highest common divisor of 267989029 and 1505.
301
What is the highest common divisor of 600 and 159548600?
200
What is the greatest common factor of 5787365 and 10215?
1135
Calculate the greatest common divisor of 35 and 11076625.
35
Calculate the highest common factor of 5 and 10465875.
5
What is the greatest common factor of 28 and 159632830?
14
What is the highest common divisor of 72 and 68431824?
72
Calculate the highest common divisor of 810 and 1905390.
270
Calculate the greatest common factor of 173303950 and 850.
850
What is the greatest common divisor of 1160 and 8016560?
40
What is the highest common divisor of 210946500 and 2700?
900
Calculate the highest common divisor of 1360 and 510668.
4
Calculate the highest common divisor of 4938930 and 900.
90
Calculate the greatest common factor of 2480 and 647408.
16
What is the greatest common factor of 242892 and 23400?
468
Calculate the greatest common factor of 30253994 and 188.
94
Calculate the highest common divisor of 79353561 and 498.
249
What is the highest common divisor of 47640 and 3812280?
120
Calculate the greatest common factor of 80 and 4776040.
40
What is the greatest common factor of 412 and 53260?
4
What is the greatest common divisor of 136 and 39215804?
68
Calculate the greatest common divisor of 38181 and 112827.
429
What is the highest common factor of 443537226 and 1386?
198
Calculate the highest common factor of 72 and 2792376.
72
Calculate the highest common divisor of 966 and 29355774.
966
What is the highest common divisor of 14304 and 139488?
96
What is the greatest common factor of 261 and 670929?
3
What is the highest common factor of 5124 and 67164660?
732
What is the greatest common divisor of 6246385 and 59110?
1285
What is the greatest common divisor of 21 and 7288106?
7
Calculate the highest common divisor of 2468984 and 77.
7
What is the highest common factor of 2844 and 77389506?
1422
Calculate the greatest common factor of 6159712 and 1072.
1072
Calculate the greatest common divisor of 3619 and 4665353.
77
What is the highest common factor of 257565 and 328944?
231
Calculate the highest common divisor of 93138645 and 197.
197
Calculate the greatest common factor of 4455349 and 117536.
3673
What is the highest common factor of 33 and 21461165?
11
Calculate the highest common factor of 18 and 32457192.
6
What is the highest common factor of 293 and 4758613?
293
What is the highest common factor of 171181 and 14200?
71
What is the highest common divisor of 7727473 and 13?
13
Calculate the highest common factor of 6984 and 20340.
36
Calculate the highest common divisor of 68644 and 268.
4
What is the highest common factor of 14338 and 6400912?
134
Calculate the greatest common divisor of 21678 and 45281729.
3613
What is the greatest common factor of 4468278255 and 30?
15
What is the greatest common factor of 6687 and 829931?
743
What is the greatest common divisor of 252 and 244874?
14
Calculate the highest common divisor of 228 and 2260012.
76
What is the greatest common factor of 1245803120 and 80?
80
Calculate the highest common factor of 314155 and 4565.
415
What is the greatest common factor of 778864817 and 1006?
503
What is the highest common divisor of 2052767 and 10404?
289
What is the greatest common factor of 8016673 and 609?
203
What is the highest common divisor of 194565 and 130245?
15
What is the highest common divisor of 113363584 and 2432?
128
Calculate the greatest common factor of 2465 and 110981695.
2465
What is the highest common factor of 184 and 1198796?
4
Calculate the greatest common divisor of 52560 and 42890055.
1095
Calculate the greatest common factor of 3087 and 3221001.
63
Calculate the greatest common divisor of 1141338 and 3388.
22
What is the greatest common divisor of 1769 and 8486381?
61
Calculate the greatest common divisor of 665228 and 380.
76
Calculate the highest common factor of 294026 and 4294.
226
Calculate the highest common factor of 127494 and 646218.
162
Calculate the greatest common factor of 18 and 5457978.
18
Calculate the greatest common divisor of 720 and 1019664.
144
What is the highest common factor of 2375 and 59040125?
2375
What is the highest common factor of 22 and 24625898?
22
Calculate the greatest common divisor of 3633097 and 9646.
689
Calculate the greatest common factor of 247891 and 12152.
49
Calculate the greatest common divisor of 1502 and 4391.
1
Calculate the greatest common divisor of 209 and 31139119.
209
Calculate the highest common divisor of 2708101 and 12221.
121
Calculate the highest common divisor of 712228 and 1595.
11
Calculate the highest common factor of 20878 and 5434.
286
Calculate the highest common factor of 416916 and 324120.
444
What is the greatest common divisor of 23094008 and 31626?
3514
Calculate the greatest common divisor of 18087 and 931908559.
6029
What is the highest common divisor of 925 and 9265910?
185
What is the greatest common factor of 70 and 260478925?
35
Calculate the greatest common divisor of 12734123 and 19.
19
What is th